{"id":42,"date":"2024-01-10T11:01:10","date_gmt":"2024-01-10T11:01:10","guid":{"rendered":"https:\/\/www.dci3d.com\/?page_id=42"},"modified":"2025-11-03T10:27:20","modified_gmt":"2025-11-03T10:27:20","slug":"informatique-47","status":"publish","type":"page","link":"https:\/\/www.dci3d.com\/?page_id=42","title":{"rendered":"D\u00e9pannage Informatique"},"content":{"rendered":"\n\n\n\n\n\n\n\n\n<h2>Informatique<\/h2>\n\n\n\n<p>Votre ordinateur est lent, il ne d\u00e9marre plus , vous pensez \u00eatre infect\u00e9 par des virus, malware, spyware, rootkit, ect &#8230;&#8230;<\/p>\n\n\n\n<p>Nous sommes l\u00e0 pour vous aider.<br><\/p>\n\n\n\n<p>Vous souhaitez un ordinateur plus rapide ? actuellement l&rsquo;\u00e9l\u00e9ment le plus limitant sur un ordinateur est souvent le disque dur, nous proposons \u00e0 cet effet un upgrade vers un disque dur ssd (plus rapide, ne craint pas les chocs, autonomie de la batterie augment\u00e9e sur les ordinateurs portables).\u00a0 <br><\/p>\n\n\n\n<p>N&rsquo;h\u00e9sitez pas \u00e0 demander un devis c&rsquo;est gratuit. <br><\/p>\n\n\n","protected":false},"excerpt":{"rendered":"","protected":false},"author":1,"featured_media":0,"parent":0,"menu_order":0,"comment_status":"closed","ping_status":"closed","template":"","meta":{"om_disable_all_campaigns":false,"pagelayer_contact_templates":[],"_pagelayer_content":"","_monsterinsights_skip_tracking":false,"_monsterinsights_sitenote_active":false,"_monsterinsights_sitenote_note":"","_monsterinsights_sitenote_category":0,"footnotes":""},"class_list":["post-42","page","type-page","status-publish","hentry"],"aioseo_notices":[],"_links":{"self":[{"href":"https:\/\/www.dci3d.com\/index.php?rest_route=\/wp\/v2\/pages\/42","targetHints":{"allow":["GET"]}}],"collection":[{"href":"https:\/\/www.dci3d.com\/index.php?rest_route=\/wp\/v2\/pages"}],"about":[{"href":"https:\/\/www.dci3d.com\/index.php?rest_route=\/wp\/v2\/types\/page"}],"author":[{"embeddable":true,"href":"https:\/\/www.dci3d.com\/index.php?rest_route=\/wp\/v2\/users\/1"}],"replies":[{"embeddable":true,"href":"https:\/\/www.dci3d.com\/index.php?rest_route=%2Fwp%2Fv2%2Fcomments&post=42"}],"version-history":[{"count":9,"href":"https:\/\/www.dci3d.com\/index.php?rest_route=\/wp\/v2\/pages\/42\/revisions"}],"predecessor-version":[{"id":164,"href":"https:\/\/www.dci3d.com\/index.php?rest_route=\/wp\/v2\/pages\/42\/revisions\/164"}],"wp:attachment":[{"href":"https:\/\/www.dci3d.com\/index.php?rest_route=%2Fwp%2Fv2%2Fmedia&parent=42"}],"curies":[{"name":"wp","href":"https:\/\/api.w.org\/{rel}","templated":true}]}}