{"id":152,"date":"2025-10-30T10:04:03","date_gmt":"2025-10-30T10:04:03","guid":{"rendered":"https:\/\/www.dci3d.com\/?page_id=152"},"modified":"2025-11-03T10:09:29","modified_gmt":"2025-11-03T10:09:29","slug":"depannage-optimisation-imprimante-3d","status":"publish","type":"page","link":"https:\/\/www.dci3d.com\/?page_id=152","title":{"rendered":"D\u00e9pannage, optimisation Imprimantes 3d"},"content":{"rendered":"\n\n\n\n\n<h3>D\u00e9pannage, optimisation imprimantes 3d<\/h3>\n\n\n\n\n\nFort de nombreuses ann\u00e9es d&rsquo;exp\u00e9rience dans le domaine de l&rsquo;impression 3d , nous vous proposons nos services pour d\u00e9panner, faire la maintenance ou optimiser votre imprimante 3d  ( changement de carte \u00e9lectronique, optimisation du firmware en vu de rajouter des options ( capteur levelling, acc\u00e9l\u00e9rom\u00e8tre, fin de filament, ect&#8230; ) . <br><br>Sp\u00e9cialiser dans les imprimantes professionnel, aon-3d, omni3d, 3ntr et autres marques.<br><br>Nous pouvons aussi nous occuper de vos machines personnelles. <br><br>Notre entreprise existe depuis 2018.<br><br>Nous intervenons dans toutes la France. <br><br>Installation duet3d, RepRapFirmware, MarlinFirmware&#8230;<br>\n\n\n\n<p>Lorem Ipsum has been the industry&rsquo;s standard dummy text ever since the 1500s.<\/p>\n\n\n\n\n\n\n","protected":false},"excerpt":{"rendered":"","protected":false},"author":1,"featured_media":0,"parent":0,"menu_order":0,"comment_status":"closed","ping_status":"closed","template":"","meta":{"om_disable_all_campaigns":false,"pagelayer_contact_templates":[],"_pagelayer_content":"","_monsterinsights_skip_tracking":false,"_monsterinsights_sitenote_active":false,"_monsterinsights_sitenote_note":"","_monsterinsights_sitenote_category":0,"footnotes":""},"class_list":["post-152","page","type-page","status-publish","hentry"],"aioseo_notices":[],"_links":{"self":[{"href":"https:\/\/www.dci3d.com\/index.php?rest_route=\/wp\/v2\/pages\/152","targetHints":{"allow":["GET"]}}],"collection":[{"href":"https:\/\/www.dci3d.com\/index.php?rest_route=\/wp\/v2\/pages"}],"about":[{"href":"https:\/\/www.dci3d.com\/index.php?rest_route=\/wp\/v2\/types\/page"}],"author":[{"embeddable":true,"href":"https:\/\/www.dci3d.com\/index.php?rest_route=\/wp\/v2\/users\/1"}],"replies":[{"embeddable":true,"href":"https:\/\/www.dci3d.com\/index.php?rest_route=%2Fwp%2Fv2%2Fcomments&post=152"}],"version-history":[{"count":6,"href":"https:\/\/www.dci3d.com\/index.php?rest_route=\/wp\/v2\/pages\/152\/revisions"}],"predecessor-version":[{"id":169,"href":"https:\/\/www.dci3d.com\/index.php?rest_route=\/wp\/v2\/pages\/152\/revisions\/169"}],"wp:attachment":[{"href":"https:\/\/www.dci3d.com\/index.php?rest_route=%2Fwp%2Fv2%2Fmedia&parent=152"}],"curies":[{"name":"wp","href":"https:\/\/api.w.org\/{rel}","templated":true}]}}